46. Suppose b*g = 138*g - 15. Let a(w) = 2*w**2 + 29*w - 17. What is a(g)?
-2
Let c(u) = -u**2 + 3*u + 25. Let y(d) = 2*d**3 + 11*d**2 - 26*d - 35. Let w be y(-7). Determine c(w).
25
Let t(o) = -2*o**2 + 5*o + 4. Let i(u) = 2*u + 32 - 10*u**2 + 11 + u**3 + 9 + 25*u**2 + 9*u**2. Let c be i(-24). Give t(c).
-8
Let m(l) = l**3 + 2*l**2 - 480*l - 1892. Let n be m(-4). Let c(w) = -w**2 + 3*w + 4 - 2*w - 3*w. What is c(n)?
-4
Let i(c) = 26*c - 3. Let f(p) = p**2 + 29*p - 2. Suppose -25*m + 69 = -6. Let a(w) = m*f(w) - 4*i(w). Determine a(5).
-4
Let k(s) = s**3 - 5*s**2 + 3*s - 3. Let d(f) = -f**3 - 6*f**2 - 11*f - 8. Let n be d(-4). Let w be (n/6)/((-4)/(-18)). Give k(w).
-12
Let o = 3 - 2. Let f(a) = 252*a. Let g(l) be the third derivative of 5*l**4/12 + 32*l**2. Let c(p) = -6*f(p) + 153*g(p). Give c(o).
18
Let l(s) = 5*s - 10*s**2 - 3*s + 9*s**2 - 3 - 2*s + 8*s. Let i be (-1)/(-1) - 3*(1 - 2). Let w be 4 - (-2)/(i/6). What is l(w)?
4
Let c = 0 - 1. Let a(k) = 25429 - 12721 - 12709 + k**2 + 12*k**3. What is a(c)?
-12
Let d(x) = -2*x**3 - 2*x - 3. Let c = 2774 - 2776. Give d(c).
17
Let p = 6 + -4. Suppose p*k = -0*k. Let n(s) = 0 - s**3 + 2*s**3 + 3*s**2 + 5 - 4*s**2. What is n(k)?
5
Let a = 140 - 140. Let n(d) = 4*d**2 + d - 12. What is n(a)?
-12
Let k(t) be the third derivative of 36*t**2 + 1/24*t**4 + 0*t + 1 + 0*t**3. Give k(-6).
-6
Let d = 54 + 22. Let z = -74 + d. Let i(g) = 2*g - 2*g + g - 27*g**3 + g**z. What is i(-1)?
27
Let x(q) be the first derivative of -q**3/3 + 5*q**2 - 16*q + 4675. Give x(8).
0
Let r(v) = -3*v**2 - 15*v + 2. Let n(x) = -10*x + 16 - 3*x**2 + 13 - x**2 + 20 - 48. Let d(w) = -3*n(w) + 2*r(w). What is d(-1)?
7
Let p(y) = -32*y**2 - 7*y - 13. Let h(r) = -85*r**2 - 17*r - 38. Let s(c) = -3*h(c) + 8*p(c). Give s(-10).
-40
Let m be 224/104 - 2/13. Suppose -l = -m*q + 7, -4*q + 2*q = l - 1. Let p(k) = 1 - q*k + 0*k - 10 + 4. Determine p(4).
-13
Let a(y) = -6*y. Let w be a(-1). Let q(l) be the second derivative of 92*l + 0 + 1/20*l**5 - 1/6*l**3 + 3*l**2 - 1/2*l**4. Give q(w).
0
Let r(p) = -p - 34. Let y be (-28)/5*(-2880)/(-1008). Give r(y).
-18
Let x(v) = 391*v - 108. Let u(y) = 146*y - 36. Let c(b) = -8*u(b) + 3*x(b). Give c(16).
44
Let s = 9059 + -9064. Let q(k) = -31*k - 159. Give q(s).
-4
Let c(r) be the first derivative of r**4/24 + 7*r**3/3 - 47*r**2 + 89. Let t(j) be the second derivative of c(j). Calculate t(-13).
1
Let c(x) = 26 + 34033*x - 34023*x + 1. What is c(9)?
117
Let a(c) = -258*c + 91*c + 10 + 74*c + 94*c. Calculate a(19).
29
Suppose 0 = -6*l + l + 20. Let r(n) = n**3 - n + 1. Give r(l).
61
Let y(l) = 20*l + 11. Let x(n) = 84*n + 43. Let k(w) = -2*x(w) + 9*y(w). Give k(5).
73
Let t(g) = -9*g**2 + 13*g + 176. Let f(p) = -14*p**2 + 20*p + 271. Let q(h) = -5*f(h) + 8*t(h). What is q(6)?
5
Let r(d) = 2*d**2 + 4*d + 3. Let v be r(-2). Let o(c) = -31*c + 6 + 30*c - v. Calculate o(10).
-7
Let o = -117 - -218. Let h = 103 - o. Let i(s) be the second derivative of 3*s**4/4 - 2*s**3/3 + 3*s**2/2 - 13*s. What is i(h)?
31
Let o(i) = 719*i**3 - 125551 + 5*i**2 - 718*i**3 + 125594 + i. Determine o(-6).
1
Let u(b) = -3 - 12*b + 5*b + 11*b. Let v be u(3). Let p(l) = 24 + 6*l - 4*l - 36. Give p(v).
6
Let r(x) = -x**3 + 2*x**2 - x + 1. Let s be 122/(-11) - -7 - (-1)/11. Let n(f) = -8*f - 30. Let k be n(s). Give r(k).
-1
Let f(l) = -507*l - 113. Let o(y) = -810*y - 169. Let z(g) = 8*f(g) - 5*o(g). Determine z(-6).
-23
Let g(t) = -31*t - 235. Let u be g(-8). Let x(y) = 3*y - u*y + 4*y + 5*y + 9. Give x(5).
4
Let f(b) = b**2 - 21*b + 59. Let y be f(3). Suppose -3*k - 2*k = -y*p + 65, -4*p - 2*k + 34 = 0. Let i(a) = -2*a + 19. What is i(p)?
-1
Let h(d) be the third derivative of 7*d**4/24 + 14*d**3 - 6432*d**2. Calculate h(-13).
-7
Let h(q) be the second derivative of 1/6*q**3 + 0 + 68*q + 4*q**2. Calculate h(-6).
2
Suppose 20*k - 25*k = 2*o - 41, 3*k = 4*o + 35. Let l(d) = 6*d - 17. Calculate l(k).
37
Let m(z) = 2*z**3 - 21*z**2 + 18*z - 80. Let n(c) = c**3 - 20*c**2 + 11*c - 78. Let i(a) = -2*m(a) + 3*n(a). Determine i(-18).
-20
Let r(g) = 204*g - 3578. Let c(a) = -26*a + 447. Let i(y) = -17*c(y) - 2*r(y). Determine i(13).
-1
Let n(g) = -g + 13. Let c(l) = -l**2 - 11*l + 81. Let o(r) = c(r) - 6*n(r). What is o(5)?
-47
Let t = -80 + 80. Let p be 1/3 + (-30)/(-18). Let g be p/((-2)/3 + t). Let w(i) = i. Determine w(g).
-3
Suppose -98 = -5*t - 2*q, -t - 63 = -4*t + 3*q. Suppose -t = -r - 4*r. Let j be (-2 + r)*14/(-4). Let y(b) = b**3 + 8*b**2 + 5*b - 10. Give y(j).
4
Let w be (3 + -1 + 1)/1. Let d(t) be the third derivative of 1/120*t**6 - 2/3*t**3 + 1/8*t**4 + 0*t - 9*t**2 - 1/20*t**5 + 0. Determine d(w).
5
Let u = 2680 - 2687. Let s(k) = k**3 + 8*k**2 + 10*k + 2. Calculate s(u).
-19
Let r(o) be the second derivative of -o**3/3 - 3*o**2/2 + 34*o + 1. Let m(v) = 3*v + 4. Let l = 3 + -7. Let a(w) = l*r(w) - 3*m(w). Calculate a(4).
-4
Let l(t) = 2*t - 4. Let n = 158 - 151. Let b(h) = h - 3. Let m(c) = n*b(c) - 4*l(c). Suppose -3*x + q - 29 = -q, 0 = 2*x - q + 18. Give m(x).
2
Let o(h) = -h**2 - 7*h - 9. Suppose -66 - 36 = 17*v. Let t be o(v). Let q(s) = -s**3 - s**2 + 3*s - 4. Determine q(t).
5
Suppose 12 - 28 = -4*c. Suppose -c*h = -1 + 21. Let r(w) = -2*w - 7. Calculate r(h).
3
Suppose h - 12 = -3*h. Let q(p) = 4 - h + p - 4*p + 2*p. Suppose 4*o + 4*f = -12, -2*o - 6 = -0*o + 5*f. What is q(o)?
4
Let o = 7 + -1. Let q(m) = 11*m + 8. Let a(z) = -13*z - 10. Let j(v) = v**3 - 25*v**2 - 54*v + 5. Let x be j(27). Let f(y) = x*a(y) + 6*q(y). Calculate f(o).
4
Let k(n) = n**3 - 5*n + 5. Let b be 396/(-726) - (-39)/11. Calculate k(b).
17
Suppose 606*x - 610*x = 5*z - 24, -4*z = -4*x - 48. Let s(v) = v**2 - 4. What is s(x)?
12
Let q be (-6)/(-24)*-6*2. Let i be (-3)/(-1*q/2). Let v(w) be the second derivative of w**5/20 - w**4/6 - w**3/6 - w. Calculate v(i).
-14
Let o = 4119 + -4115. Let w(x) be the third derivative of 0 - 2*x**2 + 0*x - 1/6*x**o - 1/2*x**3. Give w(3).
-15
Let n(l) = 3*l**3 - 2*l**2 - 3*l - 4. Let b(k) be the first derivative of -17*k**4/4 + 3*k**3 + 8*k**2 + 21*k - 76. Let m(z) = 2*b(z) + 11*n(z). Give m(-2).
-8
Let r(m) = -23*m - 2. Let a(u) = -17*u - 3. Let w(c) = -4*a(c) + 3*r(c). Calculate w(-2).
8
Suppose -2*v = 19 - 23. Let b(m) = -534*m - 5*m**v + 6*m**2 + 546*m - 1. Determine b(-13).
12
Let d(x) = -93*x**2 - 50*x - 125. Let v(y) = 58*y**2 + 33*y + 83. Let r(w) = -5*d(w) - 8*v(w). What is r(17)?
12
Let v(m) = -2*m**3 + 5*m**2 + 3*m + 1. Let w(k) = -5*k**3 + 14*k**2 + 8*k + 2. Let h(f) = 8*v(f) - 3*w(f). Let s(j) = -5*j + 38. Let t be s(8). Give h(t).
2
Let d(s) = s**3 - 8*s**2 + 5*s - 2. Let g be d(8). Let r = 40 - g. Let t(a) = -2 - r + 2 - a**2 - 5*a. Give t(-4).
2
Let x(h) be the first derivative of h**4/4 - 5*h**3/3 - 5*h**2/2 + 6*h + 259. Calculate x(5).
-19
Let r(y) be the third derivative of -1/3*y**3 + 1/60*y**5 + 0 + 1/24*y**4 + 0*y + 158*y**2. Let n be 1*0/(1 - 0). Give r(n).
-2
Let i(p) = 352*p + 583*p - 926*p + 29. Give i(-6).
-25
Let u = 4297 - 4291. Let k(d) = -3*d + 3*d + d - 7. Give k(u).
-1
Let f(z) = -z**2 - 10*z - 21. Let w(a) = a**2 + 8*a + 21. Let g(r) = -3*f(r) - 2*w(r). Determine g(-9).
-24
Let o(z) be the second derivative of 0*z**3 + 9*z + 0 + 19/12*z**4 + 0*z**5 - 1/720*z**6 + 0*z**2. Let n(w) be the third derivative of o(w). Calculate n(-5).
5
Let d be 0/(-5) - -7 - (7 + -2). Suppose 0 = -3*n + 25 + 59. Suppose d*h - n = 4*k, -4*h - 8 = -h + 4*k. Let c(i) = i**2 - 2*i - 4. Calculate c(h).
4
Let s(a) be the first derivative of -14 - 4*a**2 + 1/3*a**3 + 7*a. Determine s(5).
-8
Let o be 5/(-2)*(-224)/560. Let l(u) = -123*u**2 + 2*u. Calculate l(o).
-121
Let q(p) be the first derivative of 6 - 2*p + 1/4*p**4 - 1/2*p**2 + p**3. Determine q(-2).
4
Suppose 23*l - 28*l = -35. Let t be l/2 - ((-27)/(-6) - 5). Let j(n) = 4*n**2 + 3 + 2*n - 6 - t*n**2 - n**2. Calculate j(2).
-3
Let m(d) be the second derivative of -4/3*d**3 + 4 - 1/12*d**4 - 3/2*d**2 + 11*d. Determine m(-5).
12
Let v = -6 - -3. Let l(q) = -154*q + 4. Let a(o) = -67*o + 1. Let k(t) = 7*a(t) - 3*l(t). Determine k(v).
16
Let m(l) = 17*l - 290. Let s be m(17). Let z(d) be the second derivative of -4*d**4/3 - d**3/6 + 58*d. Determine z(s).
-15
Suppose -49*c + 34*c = 45. Let n(m) = -11*m**3 - 12*m**2 - 17*m + 17. Let j(k) = -7*k**3 